{"id":60,"date":"2021-12-18T10:48:08","date_gmt":"2021-12-18T09:48:08","guid":{"rendered":"http:\/\/www.stixn-ranch.at\/?page_id=60"},"modified":"2022-09-04T12:37:02","modified_gmt":"2022-09-04T10:37:02","slug":"einzeltraining","status":"publish","type":"page","link":"http:\/\/www.stixn-ranch.at\/?page_id=60","title":{"rendered":"Einzeltraining"},"content":{"rendered":"\n<p>Sehr bew\u00e4hrt haben sich die Einzeltrainings auf unserem Gel\u00e4nde.<\/p>\n\n\n\n<p>Mit jedem Einzelnen trainieren wir, Schritt f\u00fcr Schritt auf das Ziel hin, um so effektiv und schonend mit den Pferden an dem jeweilige Anliegen zu arbeiten. <\/p>\n\n\n\n<p>Vom Gelassenheitstraining, Jungpferdeausbildung, Reitunterricht oder Vertrauensarbeit bieten wir Vieles an. <\/p>\n\n\n\n<p>Ein Schwerpunkt in unserer Arbeit, ist die Ausbildung zu einem Verl\u00e4sslichen und soliden Ranch Pferd. Es ist uns ein gro\u00dfes Anliegen, dass wir f\u00fcr jeden einzelnen alle Versatility Ranch Horse Disziplinen anbieten k\u00f6nnen. Durch die vielen Kursangebote oder Einzeltrainings ist es m\u00f6glich, ein vertrauensw\u00fcrdiges und verl\u00e4ssliches Pferd f\u00fcr den Menschen aufzubauen.<\/p>\n\n\n\n<p>Wir sind f\u00fcr vieles offen&#8230;<\/p>\n","protected":false},"excerpt":{"rendered":"<p>Sehr bew\u00e4hrt haben sich die Einzeltrainings auf unserem Gel\u00e4nde. Mit jedem Einzelnen trainieren wir, Schritt f\u00fcr Schritt auf das Ziel hin, um so effektiv und schonend mit den Pferden an dem jeweilige Anliegen zu arbeiten. Vom Gelassenheitstraining, Jungpferdeausbildung, Reitunterricht oder Vertrauensarbeit bieten wir Vieles an. Ein Schwerpunkt in unserer Arbeit, ist die Ausbildung zu einem [&hellip;]<\/p>\n","protected":false},"author":1,"featured_media":0,"parent":0,"menu_order":0,"comment_status":"closed","ping_status":"closed","template":"","meta":{"footnotes":""},"_links":{"self":[{"href":"http:\/\/www.stixn-ranch.at\/index.php?rest_route=\/wp\/v2\/pages\/60"}],"collection":[{"href":"http:\/\/www.stixn-ranch.at\/index.php?rest_route=\/wp\/v2\/pages"}],"about":[{"href":"http:\/\/www.stixn-ranch.at\/index.php?rest_route=\/wp\/v2\/types\/page"}],"author":[{"embeddable":true,"href":"http:\/\/www.stixn-ranch.at\/index.php?rest_route=\/wp\/v2\/users\/1"}],"replies":[{"embeddable":true,"href":"http:\/\/www.stixn-ranch.at\/index.php?rest_route=%2Fwp%2Fv2%2Fcomments&post=60"}],"version-history":[{"count":3,"href":"http:\/\/www.stixn-ranch.at\/index.php?rest_route=\/wp\/v2\/pages\/60\/revisions"}],"predecessor-version":[{"id":447,"href":"http:\/\/www.stixn-ranch.at\/index.php?rest_route=\/wp\/v2\/pages\/60\/revisions\/447"}],"wp:attachment":[{"href":"http:\/\/www.stixn-ranch.at\/index.php?rest_route=%2Fwp%2Fv2%2Fmedia&parent=60"}],"curies":[{"name":"wp","href":"https:\/\/api.w.org\/{rel}","templated":true}]}}